2 - 17*a - 6725. Determine b(64).
379
Let h(p) = -72562*p - 653032. Give h(-9).
26
Let k(l) = -16*l**2 + 2382*l - 33890. What is k(16)?
126
Let a(n) = -8921*n**2 + 214118*n - 330. Determine a(24).
6
Let s(l) = -3*l**3 + 37*l**2 + 317*l - 3827. What is s(11)?
144
Let z(p) = -p**3 + 30*p**2 - 316*p + 1166. What is z(16)?
-306
Let o(v) = v**3 + 141*v**2 - 15357*v - 2142667. Give o(-145).
-2
Let d(a) = -147*a**2 + 7721*a - 38601. Give d(5).
-3671
Let x(u) = u**3 + 38*u**2 - 17*u + 682. What is x(-39)?
-176
Let f(z) = -1685*z - 20213. Determine f(-12).
7
Let n(m) = -2*m**3 + 169*m**2 + 422*m + 1053. Determine n(87).
-78
Let s(a) = -29*a**3 - 8346*a**2 + 1688*a - 11529. Calculate s(-288).
-9
Let a(n) = -n**3 + n**2 + 5851*n - 86. Give a(-76).
-10
Let s(z) = 7*z**3 - 499*z**2 + 4755*z - 907. What is s(60)?
-7
Let a(g) = g**2 - 3513452*g + 7026904. Give a(2).
4
Let b(c) = 24*c**3 - 4*c**2 + 559*c - 2192. Determine b(4).
1516
Let t(u) = -90*u**2 - 82*u + 26. Calculate t(-1).
18
Let r(k) = k**2 + 423*k + 23894. Determine r(-67).
42
Let k(a) = 23*a**2 + 10339*a + 5471. Give k(-449).
83
Let t(j) = 49*j**3 + 2056*j**2 + 1698*j + 74851. Determine t(-42).
7
Let d(x) = x**3 + 13*x**2 + 60*x + 16. Calculate d(-7).
-110
Let d(a) = -9*a**2 - 213*a + 61. What is d(-18)?
979
Let x(t) = -3072*t + 76799. Give x(25).
-1
Let j(n) = -n**3 + 22*n**2 + 130*n + 21. Determine j(-5).
46
Let w(p) = 8*p**2 - 56*p - 57. Give w(-4).
295
Let f(u) = -1975*u - 1973. Determine f(-1).
2
Let a(s) = -s**3 - 109*s**2 - 519*s - 204. Determine a(-104).
-308
Let g(b) = b**3 - 17*b**2 - 395*b + 6147. Give g(15).
-228
Let n(v) = 3354*v - 1217500. Determine n(363).
2
Let b(p) = -89*p**3 - 4*p**2 - 204*p - 201. Give b(-1).
88
Let x(b) = -b**2 - 350928*b + 1403742. What is x(4)?
14
Let j(g) = 66*g + 20735. Calculate j(-314).
11
Let w(h) = 31*h**3 + 11*h**2 + 22930*h - 22940. Determine w(1).
32
Let q(s) = -s**2 + 1866*s - 69460. Calculate q(38).
4
Let k(t) = 26632*t - 159874. What is k(6)?
-82
Let m(c) = 10856*c - 6774210. Give m(624).
-66
Let r(v) = -270*v**2 - 4062*v - 181. What is r(-15)?
-1
Let h(f) = -11*f + 746. Give h(64).
42
Let n(m) = 6*m**2 - 930*m + 24720. Calculate n(34).
36
Let y(g) = -4*g**3 - 305*g**2 + 554*g + 47851. Calculate y(-76).
-29
Let x(p) = -p**3 - 48*p**2 + 266*p + 12774. Determine x(-48).
6
Let f(y) = -15*y**2 + 171*y + 1129. Calculate f(16).
25
Let h(u) = 424*u**2 + 1259*u - 67. Calculate h(-3).
-28
Let n(k) = -k**3 - 14*k**2 + 215*k + 884. Calculate n(-22).
26
Let z(y) = 9*y**3 - 5*y**2 - 63*y + 332. What is z(8)?
4116
Let y(z) = -4034*z + 129076. What is y(32)?
-12
Let h(s) = -467*s + 3679. Determine h(8).
-57
Let v(a) = 437*a + 108786. Calculate v(-249).
-27
Let c(h) = 1453*h - 4091. Determine c(3).
268
Let t(r) = -1042*r + 245356. Calculate t(236).
-556
Let p(g) = -g**3 + 18*g**2 + 121*g - 2512. What is p(16)?
-64
Let a(w) = 6*w**2 + 448*w + 2766. Calculate a(-6).
294
Let g(n) = 5*n**2 - 1364*n + 9354. Give g(7).
51
Let h(u) = 12*u**2 - 2361*u - 7096. Calculate h(-3).
95
Let k(m) = -1383*m**2 - 2658*m. Calculate k(-2).
-216
Let p(s) = 1767*s + 1390638. What is p(-787)?
9
Let y(s) = 4078*s + 17580. Give y(-6).
-6888
Let c(s) = -1748*s + 129337. Give c(74).
-15
Let y(i) = -7*i**2 - 3026*i + 6044. Give y(2).
-36
Let c(v) = 251597*v - 2264368. Determine c(9).
5
Let u(d) = 17*d**3 - 70*d**2 + 24*d + 82. Give u(-4).
-2222
Let o(p) = 8829*p + 1050646. Calculate o(-119).
-5
Let a(q) = 26*q**3 + 20*q**2 - 48*q - 2. Calculate a(2).
190
Let b(g) = -7711*g + 130949. Determine b(17).
-138
Let d(i) = i**2 + 597*i - 32177. What is d(50)?
173
Let t(v) = -v**3 + 59*v**2 + 98*v + 1387. Calculate t(61).
-77
Let c(b) = -5*b**3 + 153*b**2 + 2047*b + 136. Calculate c(-10).
-34
Let c(w) = -4*w**3 - 348*w**2 - 3601*w - 157. Give c(-75).
-82
Let y(x) = 2562*x**2 + 3133*x + 3134. Determine y(-1).
2563
Let n(r) = -4*r**2 - 16085*r - 463105. Calculate n(-29).
-4
Let f(y) = -25*y**3 - 49*y - 50. What is f(-1)?
24
Let z(n) = -38692*n + 178. What is z(0)?
178
Let x(u) = 5*u**3 + 125*u**2 + 689*u + 2433. What is x(-19)?
172
Let a(p) = -211982*p - 3603696. Give a(-17).
-2
Let k(d) = -12*d**3 - 7794*d**2 + 3918*d + 11705. What is k(-650)?
5
Let t(f) = 7600*f + 357175. What is t(-47)?
-25
Let m(q) = 2*q**2 - 1556*q - 12545. Determine m(-8).
31
Let l(s) = -s**3 - 11*s**2 + 51*s - 73. What is l(-14)?
-199
Let w(s) = -8436*s + 41955. Give w(5).
-225
Let c(g) = -4*g**3 + 56*g**2 - 212*g + 258. Calculate c(9).
-30
Let m(v) = -v**3 + 9*v**2 + 618*v - 7077. Determine m(12).
-93
Let u(g) = g**2 + 47*g - 1293. What is u(-61)?
-439
Let l(f) = -f**2 - 172*f - 2150. Give l(-157).
205
Let v(p) = 27187*p + 27222. Give v(-1).
35
Let z(c) = -c**3 - 9*c**2 - 13*c - 104. Determine z(-8).
-64
Let c(q) = 619*q + 229041. Give c(-370).
11
Let h(o) = -9*o**2 - 13306*o + 66510. Calculate h(5).
-245
Let c(j) = j**2 - 747*j + 37656. What is c(54)?
234
Let g(u) = -14159*u + 1269. What is g(0)?
1269
Let s(t) = 146*t - 5592. Calculate s(54).
2292
Let u(p) = p**2 + 1252*p - 646416. Give u(393).
69
Let i(p) = -1992*p**2 + 6*p + 22. Give i(1).
-1964
Let f(j) = 6845*j + 3935865. Give f(-575).
-10
Let m(r) = -2082*r + 6658. What is m(2)?
2494
Let l(b) = -2683*b + 810258. What is l(302)?
-8
Let p(i) = 10*i**2 - 1013*i + 23296. Give p(66).
-2
Let h(u) = -u**3 + 10*u**2 + 1013*u + 3401. What is h(-25)?
-49
Let i(h) = 163064*h - 1956774. Calculate i(12).
-6
Let p(d) = -25*d**3 - d**2 - 42*d + 127. Give p(3).
-683
Let o(l) = 3192*l + 5789. What is o(-3)?
-3787
Let z(v) = 175997*v - 352007. Calculate z(2).
-13
Let k(v) = 501*v**3 + v**2 + 404*v - 404. Determine k(1).
502
Let x(r) = r**2 - 4173*r + 2378048. Give x(681).
-4
Let q(w) = 653*w - 5481. Give q(7).
-910
Let j(n) = -126811*n + 1141311. Determine j(9).
12
Let c(t) = 531*t - 57396. Calculate c(108).
-48
Let v(l) = 2*l**2 - 6315*l + 37830. Calculate v(6).
12
Let t(x) = 6*x**2 - 50860*x - 254453. Give t(-5).
-3
Let z(y) = 40*y**2 + 7360*y + 156. Determine z(-184).
156
Let q(v) = -v**2 + 5230*v + 109879. What is q(-21)?
-392
Let t(w) = 1453*w + 21812. Determine t(-15).
17
Let r(z) = z**3 + 105*z**2 - 5053*z - 822. Give r(36).
6
Let r(s) = 6*s**2 - 743*s + 12135. What is r(19)?
184
Let f(b) = 26*b**2 - 224*b + 27. Give f(10).
387
Let w(a) = 279*a + 328. Give w(-4).
-788
Let u(j) = 7*j**3 + 1567*j**2 + 1343*j + 1206. Give u(-223).
91
Let v(t) = 414370*t - 1657492. What is v(4)?
-12
Let d(o) = 380*o**2 + 12*o + 16. Determine d(-1).
384
Let d(t) = t**3 - 139*t**2 + 50*t + 12185. Determine d(138).
41
Let o(s) = 20747*s - 145243. What is o(7)?
-14
Let s(m) = -494*m - 268. Calculate s(-2).
720
Let d(x) = -75*x**2 - 3139*x + 364. Calculate d(-42).
-98
Let u(k) = k**2 - 646*k - 133843. Give u(-165).
-28
Let w(y) = -96*y**2 + 1977*y - 2917. Calculate w(19).
-10
Let y(f) = f**3 - 83*f**2 - 415*f + 13478. What is y(86)?
-24
Let q(w) = 37*w**2 - 504*w + 474. Give q(1).
7
Let h(u) = -2757*u + 10981. Give h(4).
-47
Let k(j) = -1683*j - 62611. What is k(-37)?
-340
Let m(b) = -3*b**3 + 106*b**2 - 475*b + 496. Give m(3).
-56
Let h(o) = 35732*o - 142930. Determine h(4).
-2
Let t(c) = 11*c + 1405. Give t(-30).
1075
Let q(l) = l**2 - 160*l + 4443. What is q(138)?
1407
Let p(v) = -96*v**2 - 502*v - 1520. What is p(-3)?
-878
Let c(h) = -11*h**2 + 692*h - 1982. Give c(3).
-5
Let h(j) = 80621*j + 241868. What is h(-3)?
5
Let d(w) = 8*w**3 + 60*w + 127. Give d(-5).
-1173
Let u(f) = f**2 + 16491*f + 1443468. Determine u(-88).
4
Let m(p) = 219*p + 2396. Give m(-12).
-232
Let f(s) = -2*s**2 + 537*s - 27717. Calculate f(70).
73
Let r(x) = -x**3 + 33*x**2 + 25866*x - 778674. What is r(30)?
6
Let t(i) = -i**3 + 12*i**2 - 127*i + 1840. Calculate t(13).
20
Let z(w) = 7*w**2 + 46337*w + 831786. Calculate z(-18).
-12
Let j(m) = -m**3 - 13*m**2 + 1288*m - 46. Determine j(-43).
40
Let l(z) = z**2 + 76013*z + 152023. Calculate l(-2).
1
Let p(d) = 239*d**2 + 1204*d + 61. Calculate p(-5).
16
Let x(m) = -m**3 + 17*m**2 + 430*m + 429. What is x(-13)?
-91
Let t(c) = -6*c**3 - 34*c**2 - 306*c - 1865. Calculate t(-6).
43
Let n(d) = -596*d - 4155. Calculate n(-7).
17
Let q(f) = -6*f**2 - 8177*f - 512309. Calculate q(-1297).
6
Let x(c) = 632*c - 347693. What is x(550)?
-93
Let x(r) = 105*r**2 - 12*r + 16. Give x(3).
925
Let t